16).
161
Let t(q) = -q**2 - 11*q + 273. What is t(12)?
-3
Let i(q) = -23*q + 801. Determine i(36).
-27
Let p(n) = -19181*n + 76729. Determine p(4).
5
Let m(b) = 3*b**2 + 39*b - 333. Determine m(9).
261
Let p(x) = -4*x - 67. Calculate p(-14).
-11
Let l(b) = 2*b**3 - 3*b**2 - 3*b - 4. What is l(5)?
156
Let x(n) = 9*n - 29. Determine x(3).
-2
Let s(z) = 2*z**3 + 2*z**2 - 11*z - 75. What is s(-5)?
-220
Let v(c) = c**3 - 44*c**2 + 43*c + 5. Calculate v(43).
5
Let p(h) = -207*h - 620. What is p(-3)?
1
Let h(g) = 2*g**3 + 19*g**2 - 23*g + 108. Give h(-11).
-2
Let h(b) = -b**3 - 17*b**2 - 24*b - 87. Calculate h(-11).
-549
Let i(j) = 163*j + 22983. Determine i(-141).
0
Let w(u) = u**3 + 25*u**2 + 78*u - 170. Determine w(-21).
-44
Let k(s) = 2*s**2 + 89*s + 382. What is k(-35)?
-283
Let s(k) = 10*k**3 - 3*k**2 + 19*k + 21. Determine s(-1).
-11
Let l(w) = 2*w**2 + 899*w - 6277. Determine l(7).
114
Let l(y) = -24*y + 1258. What is l(51)?
34
Let b(x) = x**3 + 12*x**2 + 18*x + 39. Calculate b(-11).
-38
Let c(x) = -136*x + 14. Determine c(-1).
150
Let y(p) = 14*p + 296. Give y(-22).
-12
Let o(c) = -7*c + 32. Determine o(4).
4
Let f(k) = -k**3 + 38*k**2 + 23*k + 669. Calculate f(39).
45
Let g(l) = 15*l**2 - 124*l + 16. Give g(9).
115
Let t(u) = 2*u**3 - u**2 - u - 8. Give t(-2).
-26
Let c(p) = 16*p**2 + 161*p - 21. What is c(-10)?
-31
Let t(n) = -11*n + 66. Give t(1).
55
Let x(j) = -j**3 + 72*j**2 - 198*j - 13. Give x(3).
14
Let i(g) = 4*g**2 + 67*g + 24. Determine i(-16).
-24
Let b(a) = 3*a**3 + 74*a**2 + 54*a + 151. Give b(-24).
7
Let x(f) = -f**3 + 17*f**2 - 35*f + 20. What is x(15)?
-55
Let x(g) = 15*g**2 - 93*g - 60. Give x(7).
24
Let z(r) = -12*r**2 + 54*r - 1. Give z(2).
59
Let h(l) = -16*l - 149. What is h(-38)?
459
Let v(b) = -b**3 - 8*b**2 + b - 13. Give v(5).
-333
Let m(l) = l**3 + 6*l**2 - 75*l - 36. Determine m(-12).
0
Let z(f) = 2*f**3 - 44*f**2 - 90*f + 8. Give z(24).
152
Let t(j) = 26*j**3 - 2*j**2 - 2*j - 3. Determine t(-2).
-215
Let m(x) = -70*x - 5. Calculate m(0).
-5
Let r(d) = -18206*d + 291307. Determine r(16).
11
Let u(q) = 6*q**2 + 286*q + 1430. What is u(-42)?
2
Let x(b) = b**3 - 18*b**2 + 54*b - 19. Calculate x(14).
-47
Let r(k) = 3*k**2 - 13*k - 38. What is r(9)?
88
Let m(h) = 4*h - 3. Give m(-10).
-43
Let v(u) = 8*u**2 + 149*u - 12. Give v(-19).
45
Let k(r) = -8*r**2 - 152*r + 168. What is k(-20)?
8
Let u(y) = -7*y - 74. Give u(-23).
87
Let d(k) = 12*k + 227. Calculate d(-28).
-109
Let s(p) = -3*p**2 + 64*p - 26. Calculate s(11).
315
Let z(j) = -13*j**2 + 30*j + 208. What is z(5)?
33
Let o(z) = z**3 - 10*z**2 - 200*z - 292. Give o(-9).
-31
Let t(b) = -5*b**2 - 62*b - 166. Determine t(-4).
2
Let k(p) = p**3 - 11*p**2 - 19*p - 26. What is k(13)?
65
Let f(o) = -o**2 + 106*o + 703. Give f(113).
-88
Let v(z) = 2*z**2 + 15*z + 6. What is v(-7)?
-1
Let t(c) = -9*c + 328. What is t(23)?
121
Let g(k) = -2*k**2 - 43*k + 1083. Give g(15).
-12
Let g(b) = 3*b**3 - 83*b**2 + 56*b - 56. Calculate g(27).
-2
Let i(d) = 33*d**3 - 15*d**2 + 17*d - 5. Calculate i(1).
30
Let z(f) = 4*f**2 + 265*f - 209. Determine z(-67).
-8
Let t(q) = 6923*q - 13767. Calculate t(2).
79
Let z(r) = -r**2 + 45*r + 68. Calculate z(38).
334
Let o(v) = -796*v**2 + 2384*v + 8. Determine o(3).
-4
Let h(w) = w**2 - 2*w - 78. What is h(13)?
65
Let a(q) = q**3 - 23*q**2 + 89*q - 14. Determine a(18).
-32
Let q(s) = s**2 + 419*s + 2483. Calculate q(-6).
5
Let i(v) = -2*v + 43. Give i(-45).
133
Let a(y) = -y**3 - 43*y**2 - 76*y + 85. Give a(-41).
-161
Let a(y) = -12*y + 624. Determine a(51).
12
Let m(f) = f**2 - 157*f + 2774. What is m(136)?
-82
Let y(r) = -2560*r + 12882. Calculate y(5).
82
Let h(a) = a**3 + 7*a**2 + 19*a + 71. What is h(-5)?
26
Let h(i) = -36*i - 329. Determine h(-14).
175
Let p(s) = 17*s**2 + 2*s + 116. What is p(8)?
1220
Let t(z) = -5*z**2 - 78*z - 309. Give t(-4).
-77
Let f(r) = -10*r**3 + r**2 + 12*r + 10. Give f(-1).
9
Let k(w) = w**2 + 581*w + 11201. Give k(-20).
-19
Let n(d) = d**3 - 8*d**2 - 50*d - 8. Determine n(-4).
0
Let d(q) = 20*q**2 - 137*q - 7. What is d(7)?
14
Let c(f) = f**2 + 22*f + 86. Calculate c(-5).
1
Let u(w) = -1632*w - 35897. Determine u(-22).
7
Let u(p) = 3*p + 49. Calculate u(-12).
13
Let a(d) = -2*d**3 + 51*d**2 - 310*d + 2. Calculate a(10).
2
Let u(r) = 467*r + 1419. Determine u(-3).
18
Let q(w) = -32*w - 1704. Determine q(-54).
24
Let y(v) = 19274*v + 77104. Give y(-4).
8
Let r(l) = 32*l**2 - 1351*l + 1606. Determine r(41).
7
Let y(q) = -46*q - 2447. Determine y(-55).
83
Let z(m) = 3*m**3 - 20*m**2 + 36*m - 11. Give z(4).
5
Let u(i) = -i**2 - 213*i - 623. Determine u(-3).
7
Let u(f) = -5*f**2 - 6*f. Calculate u(-6).
-144
Let w(v) = 138*v + 6209. What is w(-45)?
-1
Let g(v) = -v**2 + 114*v - 3178. Determine g(65).
7
Let y(w) = -2*w**2 - 22*w - 5. What is y(-19)?
-309
Let r(f) = -f**3 - 303*f**2 - 7948*f - 65. Give r(-29).
-7
Let k(g) = 30*g - 1217. Determine k(41).
13
Let q(a) = 4*a**3 + 10*a - 17. Give q(2).
35
Let p(g) = 5*g**2 - 25*g + 257. Give p(9).
437
Let n(u) = u**2 - 145*u + 4853. Give n(92).
-23
Let a(u) = -u**3 - 14*u**2 + 46*u - 35. Determine a(-17).
50
Let m(c) = 243*c - 464. Calculate m(2).
22
Let q(s) = 3*s**2 + 173*s - 589. Determine q(-61).
21
Let j(t) = -15*t**2 - 55*t + 58. What is j(1)?
-12
Let j(k) = 4*k**2 + 5*k + 18. Give j(-3).
39
Let f(y) = -2*y**3 - 20*y**2 - 784*y - 6897. What is f(-9)?
-3
Let i(r) = -271*r - 1093. Determine i(-4).
-9
Let c(g) = g**3 + 26*g**2 + 27*g + 72. Calculate c(-25).
22
Let x(b) = b**3 - 26*b**2 + 80*b - 5. Determine x(23).
248
Let j(b) = 2*b**3 + b**2 - b - 200. Determine j(0).
-200
Let k(v) = v**3 + 24*v**2 - 144*v + 35. Give k(-29).
6
Let b(c) = c**3 - 89*c**2 + 572*c + 162. What is b(82)?
-2
Let m(p) = -10*p**2 + 53*p + 280. Calculate m(-5).
-235
Let g(a) = 91*a - 148. Calculate g(0).
-148
Let k(o) = -46*o**2 + 6*o + 1. What is k(2)?
-171
Let b(k) = -k**2 - 53*k - 198. Determine b(-51).
-96
Let d(c) = 13*c**2 + 323*c - 31. What is d(-23)?
-583
Let a(c) = 64*c - 375. Determine a(6).
9
Let h(s) = -55*s - 41. What is h(-2)?
69
Let k(h) = 2*h**2 + 99*h + 696. Calculate k(-40).
-64
Let q(b) = 1912*b - 17198. Give q(9).
10
Let t(r) = 25628*r - 76876. Give t(3).
8
Let h(i) = 11*i**2 - 35*i - 16. Determine h(3).
-22
Let q(p) = -2*p**2 - 9*p - 9. Calculate q(-2).
1
Let f(s) = 3*s**3 + 19*s**2 + 77*s + 140. Calculate f(-3).
-1
Let q(a) = -4*a**2 - 27*a - 40. Calculate q(-4).
4
Let h(r) = 3*r**3 + 24*r**2 - 28*r - 238. What is h(-8)?
-14
Let r(d) = -3*d**3 + 11*d**2 - 530*d + 2141. Determine r(4).
5
Let y(f) = f**2 + 43*f + 547. Determine y(-12).
175
Let p(b) = 132*b - 1050. Calculate p(8).
6
Let o(y) = 1092*y + 1082. Give o(-1).
-10
Let n(u) = u**2 + 8*u - 166. Determine n(13).
107
Let l(h) = 2*h**3 - 2*h**2 - 4*h + 14. Calculate l(3).
38
Let m(c) = -2*c**3 + 29*c**2 - 13*c + 11. Give m(14).
25
Let q(s) = -18*s + 625. Give q(38).
-59
Let n(f) = -31*f**2 + 12*f - 37. What is n(3)?
-280
Let a(o) = 3*o**3 - 30*o**2 - 231*o + 2224. What is a(8)?
-8
Let o(x) = -2*x**2 - 40*x + 150. Give o(-23).
12
Let m(w) = 404*w - 12486. Calculate m(31).
38
Let z(f) = -332*f - 21911. Give z(-66).
1
Let y(t) = 6*t**2 + 373*t + 70. What is y(-62)?
8
Let z(w) = w**3 + 34*w**2 - 40*w - 96. Determine z(-35).
79
Let q(v) = v**3 + 27*v + 55. What is q(-2)?
-7
Let s(d) = -d**2 - 27*d - 139. Determine s(-18).
23
Let i(m) = 21*m**2 - m + 1. Calculate i(-2).
87
Let f(d) = -d**3 - 43*d**2 + 2*d + 68. Calculate f(-43).
-18
Let s(y) = -y**2 + 38*y - 356. What is s(19)?
5
Let i(o) = o**3 - 5*o**2 + o + 4. Give i(5).
9
Let n(d) = -36*d - 816. Calculate n(-25).
84
Let v(i) = -2475*i - 106428. Determine v(-43).
-3
Let c(w) = -39*w**2 + 1441*w + 87. Give c(37).
13
Let n(m) = m**2 - 260*m + 14586. What is n(178)?
-10
Let m(h) = 41*h**2 + 45*h + 33. Give m(-3).
267
Let a(y) = 9*y + 757. Calculate a(-88).
-35
Let p(k) = k**3 - 12*k**2 - 18*k - 17. Give p(13).
-82
Let p(g) = 160*g**2 + 645*g + 9. Determine p(-4).
-11
Let v(h) = -398*h + 402. Give v(1).
4
Let g(u) = 6*u**2 - u - 83. What is g(-10)?
527
Let d(u) = -u**2 + 227*u - 1110. Determine d(5).
0
Let n(b) = -3*b**2 - 179*b + 68. What is n(-60)?
8
Let k(q) = -q**2 + 214*q - 11159. Give k(120).
121
Let l(v) = v**2 - 24*v + 170. Give l(8).
42
Let t(o) = -o**3 + 13*o**2 - 72*o 